er when 5917 is divided by 2909?
99
Calculate the remainder when 52406 is divided by 519.
506
Calculate the remainder when 1851777 is divided by 42.
39
What is the remainder when 29096 is divided by 61?
60
What is the remainder when 7453 is divided by 3716?
21
What is the remainder when 4134 is divided by 37?
27
What is the remainder when 1227984 is divided by 83?
82
Calculate the remainder when 3711 is divided by 922.
23
Calculate the remainder when 1617 is divided by 1614.
3
What is the remainder when 53494 is divided by 581?
42
What is the remainder when 44756 is divided by 1034?
294
What is the remainder when 30097 is divided by 59?
7
What is the remainder when 76643 is divided by 585?
8
What is the remainder when 34994 is divided by 369?
308
Calculate the remainder when 3307 is divided by 1607.
93
Calculate the remainder when 4619 is divided by 1537.
8
What is the remainder when 82186 is divided by 82179?
7
What is the remainder when 10965 is divided by 78?
45
Calculate the remainder when 18166 is divided by 71.
61
What is the remainder when 27058 is divided by 404?
394
What is the remainder when 23699 is divided by 175?
74
What is the remainder when 405259 is divided by 10?
9
Calculate the remainder when 18104 is divided by 58.
8
What is the remainder when 36189 is divided by 4020?
9
What is the remainder when 133934 is divided by 66?
20
What is the remainder when 11605 is divided by 3855?
40
What is the remainder when 507351 is divided by 847?
845
Calculate the remainder when 1037 is divided by 80.
77
What is the remainder when 17073 is divided by 146?
137
What is the remainder when 40763 is divided by 1271?
91
Calculate the remainder when 4422 is divided by 43.
36
What is the remainder when 541961 is divided by 4?
1
What is the remainder when 23005 is divided by 548?
537
Calculate the remainder when 2935 is divided by 892.
259
Calculate the remainder when 317108 is divided by 141.
140
Calculate the remainder when 199737 is divided by 6443.
4
Calculate the remainder when 46736 is divided by 7778.
68
Calculate the remainder when 2855 is divided by 699.
59
What is the remainder when 76437 is divided by 38209?
19
Calculate the remainder when 2716 is divided by 902.
10
What is the remainder when 5792 is divided by 31?
26
Calculate the remainder when 1830831 is divided by 212.
211
Calculate the remainder when 706568 is divided by 736.
8
What is the remainder when 42054 is divided by 35?
19
What is the remainder when 118395 is divided by 688?
59
What is the remainder when 1806 is divided by 295?
36
What is the remainder when 57561 is divided by 123?
120
Calculate the remainder when 3094 is divided by 461.
328
What is the remainder when 6153 is divided by 96?
9
Calculate the remainder when 9414 is divided by 124.
114
What is the remainder when 74901 is divided by 12478?
33
What is the remainder when 23944 is divided by 78?
76
What is the remainder when 233711 is divided by 34?
29
Calculate the remainder when 271 is divided by 105.
61
What is the remainder when 15863 is divided by 24?
23
What is the remainder when 8679 is divided by 35?
34
Calculate the remainder when 8031 is divided by 1336.
15
Calculate the remainder when 51554 is divided by 29.
21
What is the remainder when 85701 is divided by 42844?
13
Calculate the remainder when 29633 is divided by 6.
5
What is the remainder when 2836 is divided by 157?
10
Calculate the remainder when 87420 is divided by 575.
20
What is the remainder when 5264 is divided by 151?
130
Calculate the remainder when 923338 is divided by 197.
196
What is the remainder when 37177 is divided by 1327?
21
Calculate the remainder when 4213 is divided by 2055.
103
Calculate the remainder when 3005 is divided by 152.
117
What is the remainder when 1041071 is divided by 30?
11
What is the remainder when 1086 is divided by 240?
126
Calculate the remainder when 9937 is divided by 1417.
18
What is the remainder when 2864 is divided by 320?
304
Calculate the remainder when 4030783 is divided by 257.
252
Calculate the remainder when 11801 is divided by 1163.
171
Calculate the remainder when 5509 is divided by 787.
0
Calculate the remainder when 1377 is divided by 342.
9
Calculate the remainder when 15052 is divided by 602.
2
What is the remainder when 1770 is divided by 17?
2
What is the remainder when 152734 is divided by 35?
29
Calculate the remainder when 54850 is divided by 207.
202
What is the remainder when 5659 is divided by 52?
43
What is the remainder when 3069 is divided by 300?
69
What is the remainder when 1084323 is divided by 55?
53
Calculate the remainder when 491851 is divided by 13.
9
Calculate the remainder when 10261 is divided by 11.
9
What is the remainder when 10934 is divided by 2580?
614
What is the remainder when 47670 is divided by 972?
42
What is the remainder when 775 is divided by 442?
333
What is the remainder when 68615 is divided by 3?
2
Calculate the remainder when 213712 is divided by 98.
72
What is the remainder when 9553 is divided by 3180?
13
What is the remainder when 24313 is divided by 4034?
109
What is the remainder when 17734 is divided by 443?
14
Calculate the remainder when 3278 is divided by 1517.
244
Calculate the remainder when 185425 is divided by 104.
97
Calculate the remainder when 28576 is divided by 14285.
6
Calculate the remainder when 120193 is divided by 58.
17
Calculate the remainder when 28872 is divided by 9619.
15
Calculate the remainder when 2600 is divided by 514.
30
What is the remainder when 2598 is divided by 607?
170
What is the remainder when 7588 is divided by 122?
24
Calculate the remainder when 52962 is divided by 45.
42
What is the remainder when 733996 is divided by 47?
44
Calculate the remainder when 29606 is divided by 322.
304
What is the remainder when 14238 is divided by 780?
198
What is the remainder when 4295 is divided by 975?
395
What is the remainder when 32052 is divided by 83?
14
Calculate the remainder when 12227 is divided by 8.
3
What is the remainder when 17504 is divided by 2185?
24
What is the remainder when 27278 is divided by 9091?
5
Calculate the remainder when 18784 is divided by 101.
99
What is the remainder when 3228 is divided by 9?
6
Calculate the remainder when 158857 is divided by 14.
13
Calculate the remainder when 321 is divided by 256.
65
Calculate the remainder when 25940 is divided by 1438.
56
Calculate the remainder when 93961 is divided by 257.
156
Calculate the remainder when 156735 is divided by 190.
175
What is the remainder when 100369 is divided by 3717?
10
Calculate the remainder when 291811 is divided by 59.
56
What is the remainder when 4058 is divided by 407?
395
Calculate the remainder when 1066147 is divided by 96921.
16
Calculate the remainder when 24674 is divided by 2464.
34
Calculate the remainder when 7443 is divided by 6757.
686
Calculate the remainder when 30555 is divided by 73.
41
What is the remainder when 2582628 is divided by 41?
38
What is the remainder when 11907 is divided by 3669?
900
Calculate the remainder when 832 is divided by 398.
36
Calculate the remainder when 1436 is divided by 146.
122
Calculate the remainder when 455136 is divided by 1473.
1452
Calculate the remainder when 1433263 is divided by 47.
45
What is the remainder when 493048 is divided by 13?
10
What is the remainder when 14297 is divided by 32?
25
What is the remainder when 105587 is divided by 147?
41
What is the remainder when 1244 is divided by 693?
551
What is the remainder when 3426 is divided by 1127?
45
What is the remainder when 1872 is divided by 414?
216
What is the remainder when 45553 is divided by 45551?
2
What is the remainder when 3520 is divided by 13?
10
What is the remainder when 55604 is divided by 974?
86
Calculate the remainder when 105451 is divided by 104.
99
Calculate the remainder when 10163 is divided by 340.
303
What is the remainder when 8242 is divided by 640?
562
Calculate the remainder when 11487 is divided by 2279.
92
What is the remainder when 4385 is divided by 188?
61
What is the remainder when 18336 is divided by 538?
44
Calculate the remainder when 34211 is divided by 17084.
43
Calculate the remainder when 29445 is divided by 558.
429
What is the remainder when 38788 is divided by 